{"id":3806,"date":"2022-07-15T16:06:48","date_gmt":"2022-07-15T14:06:48","guid":{"rendered":"https:\/\/ttc1946weinheim.de\/?page_id=3806"},"modified":"2022-07-15T17:01:33","modified_gmt":"2022-07-15T15:01:33","slug":"teamvorstellung-yuan-wan","status":"publish","type":"page","link":"https:\/\/ttc1946weinheim.de\/?page_id=3806","title":{"rendered":"Teamvorstellung: Yuan Wan"},"content":{"rendered":"<h4><strong>Der TTC 46 geht verst\u00e4rkt in die neue Runde der Damentischtennis-Bundesliga<\/strong><\/h4>\n<h3><strong>Eine Teamvorstellung: Yuan Wan<\/strong><\/h3>\n<p>Der TTC 46 Weinheim hat in der kommenden Saison viel vor im Damenbereich.<br \/>\nNach dem Aufstieg vor der letzten Runde in die Elite-Klasse des deutschen Damen-Tischtennis und dem Klassenerhalt mit knappem Ausgang m\u00f6chten die Verantwortlichen zumindest einen Angriff auf die Mittelfeldpl\u00e4tze starten und in das Playoff-Finale der besten Sechs kommen.<br \/>\nDurch einen neuen Sponsor, die Altindal-Group, hatte Manager Christian S\u00e4ger die M\u00f6glichkeit, das Team durch einige Neuzug\u00e4nge zu verst\u00e4rken. Es bleiben als Spitzenspielerin die Brasilianerin Bruna Takahashi und als weiteres wertvolles Teammitglied die noch junge Sophia Klee.<br \/>\nHinzu kommen drei bundesliga-erfahrene Spitzenkr\u00e4fte mit Yuan Wan, Mateja Jeger und Giorgia Piccolin. Bereit im Hintergrund sind mit Luisa S\u00e4ger und Jennie Wolf noch bew\u00e4hrte Kr\u00e4fte.<\/p>\n<p>Die drei Neuzug\u00e4nge werden wir Ihnen in den kommenden Wochen vorstellen.<\/p>\n<p>Yuan Wan war gerade in den Schlagzeilen. Bei den deutschen Meisterschaften Ende Juni in Saarbr\u00fccken konnte sie sich zwei Meistertitel und einen dritten Platz erspielen. Im Damendoppel stand sie mit Chantal Mantz ganz oben auf dem Treppchen, und im Mixed war ihr der Titel zusammen mit Cedric Meissner nicht zu nehmen. Im Einzel war im Halbfinale Schluss bei einer Niederlage gegen die Europameisterin Ying Han.<\/p>\n<p style=\"text-align: center;\"><img fetchpriority=\"high\" decoding=\"async\" class=\"alignnone size-full wp-image-3807\" src=\"https:\/\/ttc1946weinheim.de\/wp-content\/uploads\/2022\/07\/Yuan_Wan_5.jpg\" alt=\"\" width=\"1000\" height=\"704\" srcset=\"https:\/\/ttc1946weinheim.de\/wp-content\/uploads\/2022\/07\/Yuan_Wan_5.jpg 1000w, https:\/\/ttc1946weinheim.de\/wp-content\/uploads\/2022\/07\/Yuan_Wan_5-300x211.jpg 300w, https:\/\/ttc1946weinheim.de\/wp-content\/uploads\/2022\/07\/Yuan_Wan_5-768x541.jpg 768w\" sizes=\"(max-width: 1000px) 100vw, 1000px\" \/><\/p>\n<p>Der Name Wan ist in Weinheim durchaus schon bekannt. Yuans Vater Guohui Wan war f\u00fcr den TTC 46 vier Jahre lang aktiv von 2009 bis 2012\/13, als der ersten Herrenmannschaft der Aufstieg in die zweite Bundesliga gelungen war. Nun kehrt also die Tochter an diese Wirkungsst\u00e4tte zur\u00fcck.<\/p>\n<p>Yuan Wan wurde am 23.05.1997 in Eberswalde in Brandenburg geboren und begann ihre Tischtenniskarriere mit 6 Jahren beim VfL Tegel. Bereits mit 10 Jahren wechselte sie nach Baden zum TV Busenbach, nach drei Jahren dort ging es weiter zum TB Wilferdingen. Weiter ging es zum WRW Kleve in die 2. Bundesliga und dann 2013 zur TTG Bingen in die Top-Liga. 2017 gelang dem Verein sogar die deutsche Meisterschaft mit Yuan an Position 3.<\/p>\n<p>N\u00e4chste Station 2020\/21 war DJK Kolbermoor, wo sie in der vergangenen Saison im Spitzenpaarkreuz eine Bilanz von 8:15 aufzuweisen hatte.<\/p>\n<p>Nun wechselt sie zum TTC 46, wo sie es als Position 2 auch wieder mit der Spitzenklasse des deutschen Tischtennis zu tun bekommen wird. Mit 2162 QTTR-Punkten ist das eine ordentliche Herausforderung. Und da Spitzenspielerin Bruna Takahashi immer mal wieder bei WTT-Turnieren teilnehmen muss, die nicht auf den Bundesliga-Spielplan abgestimmt sind, ist f\u00fcr Yuan auch einige Male die Spitzenposition vorgesehen.<\/p>\n<p>Yuan lebt und trainiert in D\u00fcsseldorf. Als ihre Hobbys gibt sie an Musik, Kino und Golf.<br \/>\nIhre gr\u00f6\u00dften sportlichen Erfolge vor den deutschen Meisterschaften mit jetzt 2mal Gold und 1mal Bronze waren bei den Sch\u00fclerinnen 2012 im Einzel ein zweiter Platz und im Doppel der Titel. Bei den Sch\u00fcler-Europameisterschaften 2012 geh\u00f6rte sie zur deutschen Mannschaft und stand im Doppel im Finale.<br \/>\nZwei Jahre sp\u00e4ter kam sie bei der deutschen Sch\u00fclermeisterschaft im Einzel erneut ins Endspiel und siegte im Doppel mit\u00a0<a href=\"https:\/\/de.wikipedia.org\/wiki\/Chantal_Mantz\">Chantal Mantz<\/a>. Bei den Sch\u00fcler-Europameisterschaften holte sie mit der Mannschaft Silber.<br \/>\n2016 gelang ihr bei den Deutschen Meisterschaften der Titel-Gewinn im Doppel wieder mit Chantal. Bei der ersten U-21-Europameisterschaft im Februar 2017 gewann sie nach einer Finalniederlage gegen Chantal Silber im Einzel.<br \/>\nDer Gold-Coup bei den ITTF Challenge Series in Nigeria 2019 \u00a0im Doppel war ihr gr\u00f6\u00dfter internationaler Erfolg.<\/p>\n<p>Ihren neuen Mannschaftskameraden ist sie nat\u00fcrlich auch schon \u00fcber den Weg gelaufen. Gegen Bruna gab es zwei Niederlagen, bei Mateja steht es 2:1, gegen Georgia 1:3, und auch gegen Sophia steht ein 2:3 in den B\u00fcchern.<br \/>\nWie jedes Jahr ist f\u00fcr sie der ttc eastside berlin Titelfavorit, f\u00fcr ihr neues Team sch\u00e4tzt sie einen Platz in den Top 4.<\/p>\n<p>&nbsp;<\/p>\n<p>&nbsp;<\/p>\n","protected":false},"excerpt":{"rendered":"<p>Der TTC 46 geht verst\u00e4rkt in die neue Runde der Damentischtennis-Bundesliga Eine Teamvorstellung: Yuan Wan Der TTC 46 Weinheim hat in der kommenden Saison viel vor im Damenbereich. Nach dem Aufstieg vor der letzten Runde in die Elite-Klasse des deutschen <a class=\"more-link\" href=\"https:\/\/ttc1946weinheim.de\/?page_id=3806\">weiterlesen&#8230;<\/a><\/p>\n","protected":false},"author":1,"featured_media":0,"parent":0,"menu_order":0,"comment_status":"closed","ping_status":"closed","template":"","meta":[],"_links":{"self":[{"href":"https:\/\/ttc1946weinheim.de\/index.php?rest_route=\/wp\/v2\/pages\/3806"}],"collection":[{"href":"https:\/\/ttc1946weinheim.de\/index.php?rest_route=\/wp\/v2\/pages"}],"about":[{"href":"https:\/\/ttc1946weinheim.de\/index.php?rest_route=\/wp\/v2\/types\/page"}],"author":[{"embeddable":true,"href":"https:\/\/ttc1946weinheim.de\/index.php?rest_route=\/wp\/v2\/users\/1"}],"replies":[{"embeddable":true,"href":"https:\/\/ttc1946weinheim.de\/index.php?rest_route=%2Fwp%2Fv2%2Fcomments&post=3806"}],"version-history":[{"count":2,"href":"https:\/\/ttc1946weinheim.de\/index.php?rest_route=\/wp\/v2\/pages\/3806\/revisions"}],"predecessor-version":[{"id":3813,"href":"https:\/\/ttc1946weinheim.de\/index.php?rest_route=\/wp\/v2\/pages\/3806\/revisions\/3813"}],"wp:attachment":[{"href":"https:\/\/ttc1946weinheim.de\/index.php?rest_route=%2Fwp%2Fv2%2Fmedia&parent=3806"}],"curies":[{"name":"wp","href":"https:\/\/api.w.org\/{rel}","templated":true}]}}