{"id":3991,"date":"2022-07-28T09:06:38","date_gmt":"2022-07-28T07:06:38","guid":{"rendered":"https:\/\/ttc1946weinheim.de\/?page_id=3991"},"modified":"2022-07-29T11:20:24","modified_gmt":"2022-07-29T09:20:24","slug":"geschichte1","status":"publish","type":"page","link":"https:\/\/ttc1946weinheim.de\/?page_id=3991","title":{"rendered":"Geschichte1"},"content":{"rendered":"<h3><strong>Ein R\u00fcckblick auf die Vereinsgeschichte<\/strong><\/h3>\n<h4>Von Ossi Brucker, erg\u00e4nzt durch Alfred Klump, Walter S\u00e4ger, und Hans-J\u00f6rg Klump und Bernd Schafhaupt.<\/h4>\n<p>&nbsp;<\/p>\n<p><img fetchpriority=\"high\" decoding=\"async\" class=\"alignnone size-full wp-image-3992\" src=\"https:\/\/ttc1946weinheim.de\/wp-content\/uploads\/2022\/07\/ttc46-geschichte-seite01-scaled.jpg\" alt=\"\" width=\"1754\" height=\"2560\" srcset=\"https:\/\/ttc1946weinheim.de\/wp-content\/uploads\/2022\/07\/ttc46-geschichte-seite01-scaled.jpg 1754w, https:\/\/ttc1946weinheim.de\/wp-content\/uploads\/2022\/07\/ttc46-geschichte-seite01-206x300.jpg 206w, https:\/\/ttc1946weinheim.de\/wp-content\/uploads\/2022\/07\/ttc46-geschichte-seite01-702x1024.jpg 702w, https:\/\/ttc1946weinheim.de\/wp-content\/uploads\/2022\/07\/ttc46-geschichte-seite01-768x1121.jpg 768w, https:\/\/ttc1946weinheim.de\/wp-content\/uploads\/2022\/07\/ttc46-geschichte-seite01-1053x1536.jpg 1053w, https:\/\/ttc1946weinheim.de\/wp-content\/uploads\/2022\/07\/ttc46-geschichte-seite01-1403x2048.jpg 1403w\" sizes=\"(max-width: 1754px) 100vw, 1754px\" \/><\/p>\n<p>&nbsp;<\/p>\n<h3 style=\"text-align: center;\"><strong><a href=\"https:\/\/ttc1946weinheim.de\/?page_id=3999\">zur Seite 2\u00a0\u00a0<\/a>\u00a0\u00a0 <a href=\"https:\/\/ttc1946weinheim.de\/?page_id=4005\">zur Seite 3\u00a0<\/a>\u00a0\u00a0\u00a0 <a href=\"https:\/\/ttc1946weinheim.de\/?page_id=4007\">zur Seite 4\u00a0<\/a>\u00a0\u00a0\u00a0 <a href=\"https:\/\/ttc1946weinheim.de\/?page_id=4009\">zur Seite 5<\/a>\u00a0\u00a0\u00a0\u00a0 <a href=\"https:\/\/ttc1946weinheim.de\/?page_id=4011\">zur Seite 6<\/a><\/strong><\/h3>\n","protected":false},"excerpt":{"rendered":"<p>Ein R\u00fcckblick auf die Vereinsgeschichte Von Ossi Brucker, erg\u00e4nzt durch Alfred Klump, Walter S\u00e4ger, und Hans-J\u00f6rg Klump und Bernd Schafhaupt. &nbsp; &nbsp; zur Seite 2\u00a0\u00a0\u00a0\u00a0 zur Seite 3\u00a0\u00a0\u00a0\u00a0 zur Seite 4\u00a0\u00a0\u00a0\u00a0 zur Seite 5\u00a0\u00a0\u00a0\u00a0 zur Seite 6<\/p>\n","protected":false},"author":1,"featured_media":0,"parent":0,"menu_order":0,"comment_status":"closed","ping_status":"closed","template":"template-page-builder.php","meta":[],"_links":{"self":[{"href":"https:\/\/ttc1946weinheim.de\/index.php?rest_route=\/wp\/v2\/pages\/3991"}],"collection":[{"href":"https:\/\/ttc1946weinheim.de\/index.php?rest_route=\/wp\/v2\/pages"}],"about":[{"href":"https:\/\/ttc1946weinheim.de\/index.php?rest_route=\/wp\/v2\/types\/page"}],"author":[{"embeddable":true,"href":"https:\/\/ttc1946weinheim.de\/index.php?rest_route=\/wp\/v2\/users\/1"}],"replies":[{"embeddable":true,"href":"https:\/\/ttc1946weinheim.de\/index.php?rest_route=%2Fwp%2Fv2%2Fcomments&post=3991"}],"version-history":[{"count":4,"href":"https:\/\/ttc1946weinheim.de\/index.php?rest_route=\/wp\/v2\/pages\/3991\/revisions"}],"predecessor-version":[{"id":4023,"href":"https:\/\/ttc1946weinheim.de\/index.php?rest_route=\/wp\/v2\/pages\/3991\/revisions\/4023"}],"wp:attachment":[{"href":"https:\/\/ttc1946weinheim.de\/index.php?rest_route=%2Fwp%2Fv2%2Fmedia&parent=3991"}],"curies":[{"name":"wp","href":"https:\/\/api.w.org\/{rel}","templated":true}]}}